).
7
Let m(i) = 2*i**3 + 4*i**2 + 5*i - 1. Let l(b) = b**3 + b - 1. Let w(o) = -3*l(o) + m(o). What is w(5)?
-13
Let c(m) = -m**2 - 6*m - 1. Suppose 28*x + 164 - 52 = 0. Calculate c(x).
7
Let k(p) = -p**3 - p**2 - p + 8. Let j(q) = q**2 + q - 1. Let b(w) = -2*j(w) - k(w). Give b(0).
-6
Let q = 143 - 141. Let k(l) be the second derivative of -1/12*l**4 - 1/6*l**3 + 0 + 0*l**q + 4*l. Calculate k(2).
-6
Let b(y) = y**2 + 11*y - 2. Let l be 78/18 - (1 + (-15)/9). Suppose -55 = l*u - d, 2*d = -3*u - 13 - 20. Give b(u).
-2
Let t(c) = c**3 + 4*c**2 + 4*c + 3. Let a be t(-3). Suppose -3*b + a*b = -9. Suppose -v + 16 = b*v. Let u(s) = -s**3 + 4*s**2 - 2*s + 6. Calculate u(v).
-2
Let s = 192 - 170. Suppose -s*f - 32 = -26*f. Let z(y) = -y**3 + 7*y**2 + 8*y - 8. Determine z(f).
-8
Let j(s) be the third derivative of 7/60*s**5 + 0 + 1/120*s**6 + 7/24*s**4 - 26*s**2 - s**3 + 0*s. Calculate j(-6).
-12
Let w(c) be the second derivative of -c**4/6 + c**3/3 - c**2 + 421*c. Determine w(5).
-42
Let f(z) = 19*z + 4. Let x(r) = -23*r - 831. Let j be x(-36). Determine f(j).
-53
Let s(a) be the second derivative of a**5/20 - a**3/6 + 9*a**2/2 + a. Let p(w) be the first derivative of s(w). Calculate p(-1).
2
Suppose 5*g = 7*g + 4, -4*g - 13 = v. Let i(h) = 2*h + 2. Let b(x) = x. Let l(o) = -3*b(o) + i(o). Calculate l(v).
7
Let z(v) be the first derivative of v**4/12 - v**3/6 - 3*v**2/2 - 12*v - 29. Let j(g) be the first derivative of z(g). What is j(3)?
3
Let f(v) = 9 - 4*v**3 + 0*v**3 + 5*v**2 + 4*v - 1 + 5*v**3. Let l be f(-4). Let z(g) = g - 5. What is z(l)?
3
Let l(d) be the second derivative of d**5/20 + d**3/6 + d**2/2 - 81*d. Give l(-1).
-1
Let k = -60 - -62. Suppose 2*b + 3*i - 11 = 0, 4*b + b - 37 = 2*i. Suppose j = k*j + b. Let u(w) = w**2 + 9*w + 8. What is u(j)?
-6
Suppose -3*c - 39 = 4*z, 2*z + 4*c - 2 + 34 = 0. Let b(a) = 2*a**2 + 11*a + 7. Determine b(z).
13
Let f(g) = -9*g + g + 6*g**2 + g**3 + 7*g. Suppose 8*c = 9*c + 14. Let t be 120/(-21) - (-4)/c. Give f(t).
6
Let j(u) = -u**3 + 6*u**2 + 8*u - 1. Suppose 49 - 42 = r. Give j(r).
6
Let d(f) = 0*f**2 - f + 0 - 2*f**3 - 2 - 3*f**2. Let g = 14 + -20. Let h be (-11)/6 - (-1)/g. Determine d(h).
4
Let j(w) = -7*w - 5. Let r(n) be the first derivative of 3*n**2 + 4*n + 4. Let p(c) = 5*j(c) + 6*r(c). Give p(-6).
-7
Suppose 3*x + 2*b + 61 - 11 = 0, -3*b + 6 = 0. Let l = x - -23. Let f(h) = -7*h + 9. Let z(y) = -3*y + 4. Let n(u) = -2*f(u) + 5*z(u). Calculate n(l).
-3
Let g(z) = 8*z + 6. Let j(v) = -13*v - 11. Let b(h) = -5*g(h) - 3*j(h). What is b(5)?
-2
Let w(a) = -3*a + 2. Suppose m = 2*l - 0*l - 5, 5*l - 3*m = 13. Let s be w(l). Let v(n) = n**3 + 4*n**2 - 3*n - 1. Determine v(s).
11
Let b(i) = i**2 - i + 15. Let c = -26 + 22. Let a(u) = -u**2 + u - 16. Let s(f) = c*b(f) - 3*a(f). Let q(t) = -t**2 + 19*t - 18. Let r be q(18). What is s(r)?
-12
Suppose 1473*o - 1478*o - 30 = 0. Let k(l) = -4*l**2 - 8*l - 5. Let i(n) = 7*n**2 + 16*n + 9. Let g(d) = 3*i(d) + 5*k(d). What is g(o)?
-10
Let p(j) = 4*j**2 + 17*j + 1. Let n(t) = -11*t**2 - 49*t - 1. Let l(s) = -3*n(s) - 8*p(s). What is l(-10)?
-15
Let g(w) = -13*w**3 + w**2 + 38*w + 7. Let d(p) = -7*p**3 + 20*p + 4. Let r(a) = -11*d(a) + 6*g(a). Determine r(7).
5
Let i(h) be the first derivative of -h**5/60 - h**4/4 + h**3/3 + 8*h**2 + 6. Let l(s) be the second derivative of i(s). Calculate l(-5).
7
Let i(y) = -y**3 - 7*y**2 + 2*y + 8. Suppose 10*g = 1 - 81. Calculate i(g).
56
Let q(l) = -5*l + 4. Let t(z) = -30 + 12*z + 14*z - 28*z. Let o be t(-18). Calculate q(o).
-26
Suppose -4*a + 0*a = -c - 13, 19 = a + 5*c. Let x(h) = -3*h - 9. Let k(y) = -2*y - 5. Let t(g) = a*x(g) - 7*k(g). Determine t(3).
5
Let u(c) = -5*c - 6. Let a be (-3 - (0 - -2)) + 3. Let t be u(a). Let d be (1/t)/((-4)/(-32)). Let z(w) = w - 3. Calculate z(d).
-1
Suppose 5*r + 4 - 13 = 4*f, -8 = -2*f. Suppose 1 = 4*x + 3*z, -r*z - 9 = 16. Let a(c) be the first derivative of c**2/2 - c - 23. Give a(x).
3
Let x(d) be the first derivative of -3*d**2/2 + 14. Give x(-5).
15
Let r(w) be the second derivative of -w**4/24 - w**3/6 + 25*w**2/2 + 23*w. Let b(c) be the first derivative of r(c). What is b(5)?
-6
Let n(v) = -v**3 - 2*v**2 + v. Let y(q) = -q**3 - 4*q**2 + 4*q + 3. Let s be y(-5). Suppose -3*g = -s*g. Let r be -4 - g - (3 + -4). Calculate n(r).
6
Let z(p) be the second derivative of p**2 + 0 + 7*p - 1/6*p**3 + 1/12*p**4. Calculate z(-2).
8
Let s = 125 - 130. Let l(j) = -j**2 + 10*j - 7. Let z(m) = m - 1. Suppose 19 = -f + 4*q, 2 = 3*q - 13. Let r(d) = f*l(d) + s*z(d). What is r(5)?
-2
Let q be (-2 + 3)/((-2)/(-4)). Let j(b) = 0 - 3*b + 4*b**2 - b**3 - 2 + q*b. Suppose -f - y + 6 = 0, f - 11 = -3*y - 1. Calculate j(f).
-6
Let g(y) be the second derivative of y**5/20 - y**4/2 - 4*y**3/3 - 2*y**2 - y. Let u be (-3 - 44/(-8))*(-28)/(-10). Calculate g(u).
-11
Let j(y) be the first derivative of -3 + 2 + 32*y**2 - 29*y**2 - 2*y. Calculate j(2).
10
Let o(r) = r**2 + 18*r + 17. Let v be o(-17). Let i(l) be the third derivative of 1/8*l**4 + 1/15*l**5 - 1/3*l**3 + 0 + v*l + 1/120*l**6 - 8*l**2. Give i(-3).
-2
Let p(t) = 35*t - 44. Let c(z) = 65*z - 87. Let m(o) = -6*c(o) + 11*p(o). What is m(6)?
8
Let a be (57/(-9))/(1/(-3)). Let m(c) = -c**2 - 7*c + 1. Let h be m(-4). Let w = a - h. Let v(k) = -k - 2. Determine v(w).
-8
Let p(y) = y**3 - 8*y**2 - y + 1. Let j be 27/(-9) + (6 - -5). What is p(j)?
-7
Suppose -u + 42 = 5*s, 4*u - u - 36 = -5*s. Suppose s = 4*v + 5. Let j(m) = 6*m**2. Calculate j(v).
6
Let k(a) = -a**3 + 4*a**2 - 4*a. Let b be k(3). Let h(z) be the third derivative of z**5/60 + z**4/4 + z**3/2 - 428*z**2. Give h(b).
-6
Suppose 179 = -5*z - 21. Let n = z - -43. Let s(i) = -i**2 + 2*i - 2. What is s(n)?
-5
Let s be (-18)/8*216/81. Let i(r) = -r - 8. Let j(g) = 1. Let m(y) = i(y) + 6*j(y). Determine m(s).
4
Let a be (0 - -1)*(1 + -1). Suppose a*l = 2*l - 2*f - 8, 2*f = 4. Let d(m) = -l*m + m - 4*m. Give d(1).
-9
Let t(b) = 27*b**2 - 4*b + 7. Let n(g) = -13*g**2 + 2*g - 3. Let i = -16 - -20. Let c(u) = i*t(u) + 9*n(u). What is c(-1)?
-10
Let x(l) = -l - 4. Let u = -19 + 42. Suppose -u*q - 6 = -22*q. Determine x(q).
2
Let y(b) = -b**3 + 4*b**2 + 5*b - 12. Suppose -11*j = 1036 - 1091. What is y(j)?
-12
Let b be (-117)/6*(0 + -2). Let q = 38 - b. Let x(p) = 5*p**3 - 2*p**2 + 1. Determine x(q).
-6
Suppose 4*z - 24 = -0. Suppose -5*y - z = -3*y. Let w(f) be the second derivative of -f**3/6 + f**2/2 - 4*f. Give w(y).
4
Let r be (-9 - -1) + (-45)/(-5). Let n(d) = 2*d**2 - d + 1. Determine n(r).
2
Let x(s) be the second derivative of -s**5/20 - s**2 - 11*s. Let r = 14 - 5. Let o = 7 - r. Calculate x(o).
6
Let p(w) = -w**3 - 2*w**2 + 4*w + 4. Let o(g) = -g**3 + 15*g**2 - 28*g + 23. Let u be o(13). Calculate p(u).
1
Let d(c) = -c**3 + 4*c**2 + 4*c - 2. Let u = -2 - -11. Let f = -5 + u. Suppose 0 = -4*w - f*n + 40, n - 18 - 2 = -3*w. What is d(w)?
-7
Let a(y) be the first derivative of -1/4*y**4 + 3*y - 5/3*y**3 + 17 - 2*y**2. Determine a(-4).
3
Suppose 44 = -6*f + 2*f - 2*k, -4*f - 34 = -3*k. Let n(h) = -2*h - 4. Give n(f).
16
Suppose 2*g = -3*g + 10. Suppose -g*y - 7*y + 45 = 0. Let j(d) = -d + 7. Calculate j(y).
2
Let t(h) = -10*h**3 - 58*h**2 - 75*h + 13. Let y(x) = -7*x**3 - 40*x**2 - 50*x + 9. Let a(v) = -5*t(v) + 7*y(v). Calculate a(-4).
-6
Let h(b) be the second derivative of -b**5/20 + 5*b**4/12 + 5*b**3/6 + 3*b**2 + b. Let j be (-10)/4 + (-1)/2. Let k = j + 9. Calculate h(k).
0
Let k be 30/(-8)*(-8)/5. Let b(g) = -2*g + 11. Calculate b(k).
-1
Let u(d) = -7*d**2 + 6*d - 11. Suppose 0 = 10*c - 9*c - 58. Suppose 4*v - 10 = c. Let r(n) = 20*n**2 - 18*n + 32. Let o(k) = v*u(k) + 6*r(k). Give o(6).
5
Let l be 4 - (0 - 2/2). Let y be 26/l - (-3)/(-15). Let f(z) be the first derivative of -3*z**2/2 + 7*z + 14. Determine f(y).
-8
Let b(n) be the first derivative of 13*n**2/2 - n + 749. Give b(4).
51
Let n(d) = -21 + 16 + d**2 + 5*d + 7. Calculate n(-2).
-4
Suppose 0 = -19*r + 92*r. Let p(a) = a**3 - a**2 - 2*a - 12. Give p(r).
-12
Let l(u) = 3*u - 1. Let y be (-96)/(-32) + (1 - 6). Give l(y).
-7
Let k be 35/5 - 3/1. Let c(x) = x**2 - 5*x + 2. Let s be c(k). Let h be 2*s/((-4)/3). Let a(y) = -y**2 - 2. Calculate a(h).
-11
Let d(x) = -6*x**3 - 4*x - 4. Suppose -5*v + 3 = -2*w - 6*v, 0 = -5*w - 3*v - 8.